he greatest common divisor of 523770 and 13905.
15
Calculate the greatest common factor of 225 and 70534404.
9
What is the greatest common factor of 811414 and 28034?
262
Calculate the greatest common factor of 18956 and 5872298.
1354
What is the greatest common factor of 143654760 and 1020?
1020
Calculate the highest common divisor of 514113 and 603.
3
Calculate the highest common divisor of 81652110 and 2175.
435
What is the highest common factor of 450977 and 4489?
67
Calculate the highest common factor of 3702244 and 980.
196
What is the highest common factor of 2765 and 58763755?
395
Calculate the greatest common factor of 8528 and 36470648.
328
What is the greatest common factor of 34587 and 637511?
427
What is the highest common factor of 19648 and 2032?
16
What is the greatest common divisor of 315 and 1810221?
21
What is the greatest common factor of 38 and 16992251?
19
What is the highest common factor of 40170 and 39546?
78
What is the greatest common factor of 41238896 and 16?
16
Calculate the highest common divisor of 2278288 and 2567.
151
What is the greatest common divisor of 1008 and 10744314?
42
What is the highest common divisor of 3882360 and 488?
8
What is the greatest common divisor of 7 and 2725653?
7
What is the greatest common divisor of 430 and 243734?
2
What is the highest common divisor of 84 and 4392444?
84
Calculate the highest common factor of 9966 and 1301883.
33
What is the greatest common divisor of 1595126 and 16?
2
What is the highest common divisor of 5311408 and 50112?
464
What is the greatest common factor of 44 and 1033772?
4
What is the highest common factor of 12001950 and 96850?
7450
What is the greatest common divisor of 4482 and 52207?
83
What is the greatest common factor of 2348255 and 4225?
845
What is the greatest common divisor of 47843550 and 950?
50
What is the highest common divisor of 247 and 4258787?
13
What is the greatest common factor of 77916 and 74562?
258
Calculate the greatest common factor of 35265148 and 10.
2
Calculate the greatest common factor of 130 and 100058530.
130
What is the highest common divisor of 11008 and 34938016?
1376
What is the highest common factor of 24957 and 2460732?
141
What is the highest common factor of 22785924 and 5712?
84
What is the highest common divisor of 3394 and 36268284?
3394
Calculate the highest common factor of 187514 and 1973508.
3074
What is the highest common factor of 109981543 and 261?
29
Calculate the greatest common factor of 416549615 and 14990.
7495
Calculate the greatest common divisor of 48300480 and 50.
10
Calculate the greatest common divisor of 405 and 224021430.
135
Calculate the greatest common factor of 251217153 and 1485.
297
What is the highest common divisor of 977632 and 9605056?
7136
What is the highest common divisor of 69043 and 11349?
13
What is the greatest common divisor of 8310144 and 9656?
136
What is the greatest common divisor of 35632 and 303361940?
8908
What is the highest common divisor of 96 and 36704784?
48
What is the greatest common divisor of 47980775 and 25?
25
Calculate the highest common divisor of 41 and 62066087.
41
Calculate the highest common factor of 59094756 and 3171.
3171
What is the greatest common factor of 8 and 65521688?
8
What is the highest common divisor of 16928 and 103132?
92
What is the greatest common factor of 129316005 and 1127?
161
What is the greatest common factor of 35 and 154778064?
7
Calculate the greatest common factor of 666 and 20635122.
222
Calculate the highest common factor of 672 and 35690312.
56
Calculate the greatest common factor of 1584 and 2047281192.
792
What is the greatest common divisor of 8426 and 3289204?
766
Calculate the highest common divisor of 134436680 and 2074.
2074
Calculate the greatest common divisor of 2427696 and 2944.
368
What is the highest common factor of 5834680 and 753524?
2932
Calculate the greatest common divisor of 4703127 and 60021.
741
Calculate the greatest common factor of 933 and 8758693.
311
What is the highest common divisor of 3850693 and 1302560?
8141
Calculate the greatest common factor of 2387 and 161306299.
2387
What is the greatest common divisor of 7280478 and 126?
18
Calculate the highest common divisor of 26418928 and 48.
16
What is the highest common factor of 559 and 590122?
13
What is the highest common factor of 2151343 and 2259723?
5419
What is the highest common factor of 126 and 15141834?
18
What is the highest common factor of 28639466 and 30338?
394
What is the highest common factor of 27 and 214965?
9
What is the greatest common factor of 69553 and 792?
11
Calculate the greatest common factor of 300006 and 1008.
126
What is the greatest common factor of 41674809 and 1254?
627
Calculate the highest common factor of 35024 and 46919026.
4378
What is the highest common factor of 14302 and 106914601?
7151
Calculate the greatest common divisor of 63 and 9628591.
7
What is the highest common factor of 9018 and 938557368?
9018
What is the highest common divisor of 675 and 572825?
25
What is the highest common factor of 56804 and 1441?
11
What is the greatest common factor of 1728 and 20629728?
864
What is the highest common divisor of 1305505 and 15?
5
Calculate the highest common divisor of 15288 and 10221120.
2184
What is the greatest common factor of 3 and 6732366?
3
Calculate the highest common divisor of 5360 and 44078496.
1072
What is the greatest common factor of 23187 and 8726749?
59
Calculate the highest common divisor of 5760 and 5536812.
12
Calculate the highest common factor of 631908 and 336204.
108
Calculate the highest common factor of 174 and 51569424.
174
Calculate the greatest common divisor of 41261 and 68054393.
3751
Calculate the highest common factor of 372 and 21241324.
124
What is the greatest common divisor of 2040 and 54009255?
255
What is the highest common divisor of 312725 and 1904?
7
Calculate the greatest common factor of 163520 and 112280.
280
What is the highest common factor of 5243987 and 3843?
427
What is the highest common factor of 20270042 and 208?
26
What is the greatest common divisor of 33402518 and 497?
71
Calculate the greatest common divisor of 174 and 1977726.
6
What is the greatest common divisor of 132628 and 76121?
467
Calculate the greatest common divisor of 174000 and 6689952.
1392
Calculate the highest common factor of 1555 and 10358477.
311
What is the greatest common divisor of 60586542 and 2196?
1098
Calculate the highest common factor of 72072 and 119295.
99
Calculate the greatest common divisor of 20688 and 64.
16
Calculate the greatest common factor of 9292930 and 290.
10
What is the highest common divisor of 1131 and 293024787?
87
What is the greatest common divisor of 24204 and 15612?
12
What is the highest common divisor of 79756 and 4302125?
127
What is the highest common factor of 4856 and 1648983484?
2428
Calculate the greatest common divisor of 11170 and 1017352430.
11170
Calculate the highest common factor of 22 and 661487046.
22
What is the highest common factor of 876 and 359087000?
292
Calculate the highest common divisor of 192 and 3869156.
4
What is the highest common divisor of 196 and 579194?
14
Calculate the highest common factor of 955812 and 65780.
572
What is the greatest common divisor of 96 and 19976412?
12
Calculate the highest common factor of 150452 and 2195821.
1297
What is the greatest common factor of 331680 and 62640?
240
What is the highest common factor of 56808 and 28456?
8
What is the greatest common factor of 4680 and 2721960?
360
Calculate the highest common factor of 2728424 and 19120.
1912
Calculate the highest common divisor of 28887 and 543.
3
Calculate the highest common divisor of 1391 and 750308.
13
Calculate the highest common divisor of 394247 and 238.
119
Calculate the greatest common divisor of 11243364 and 22572.
2508
Calculate the highest common divisor of 4412823821 and 49.
49
What is the greatest common divisor of 657 and 2015388?
9
Calculate the highest common factor of 2323554 and 4878.
1626
What is the highest common divisor of 1579 and 2503?
1
What is the highest common factor of 49928 and 452?
4
Calculate the highest common factor of 8557 and 3373479.
43
What is the highest common factor of 35292400 and 1